+ 48. Is h a prime number?
False
Is (-299358)/(-24) - (-5)/(-20) a prime number?
True
Let h(u) = -u**2 - 3. Let o be h(6). Let i = 16 + -81. Let f = o - i. Is f a prime number?
False
Let s = -9 + 11. Suppose 0 = s*o + 2*w - 30, 2*w + 0*w - 50 = -3*o. Let p = o + 165. Is p composite?
True
Suppose -2*l + 4*l - 8 = 0. Let d = 6 - l. Suppose d*q - 646 = -44. Is q prime?
False
Suppose -2*y + 6*y = -k + 2, k + y = 2. Suppose -k*r + 2*f = -3*f - 1282, -r + f + 635 = 0. Is r composite?
False
Suppose 7*o - 3*l = 2*o + 4624, -2*l - 6 = 0. Let z = -1820 + o. Let i = -566 - z. Is i a prime number?
True
Let v(g) = -g**3 + 14*g**2 - g + 8. Let l be v(14). Let z(k) = 38*k**2 - 7*k - 1. Is z(l) a composite number?
False
Suppose 2*v = -2*v - 3*c + 6, -5*c - 4 = 2*v. Suppose -v*f = -0*f - 78. Is f composite?
True
Suppose 44*z - 75*z = -210893. Is z composite?
False
Let m(a) = 14*a**2 - 34*a - 131. Is m(34) prime?
True
Suppose 3*y - 2409 = -3*i + 1905, 2*y + 4319 = 3*i. Is i composite?
False
Suppose -83*f + 2*x - 28014 = -87*f, 10 = 2*x. Is f a prime number?
True
Let a(z) be the third derivative of 1/6*z**5 + 0*z - 2*z**2 - 1/12*z**4 + 0 + 1/2*z**3. Is a(2) a prime number?
False
Let y = 0 - -2. Suppose -f = l - 4*f - 84, 0 = 2*l + y*f - 128. Suppose 4*r - 5*r = -l. Is r a composite number?
True
Let n(f) be the third derivative of f**5/60 + f**4/3 + 71*f**3/6 - 3*f**2 + 11*f. Is n(34) prime?
True
Let o = 15 - 7. Suppose 2*j + 4*z = -0*j + o, -z = 5*j - 47. Suppose d - 23 = -2*k, k - j = 2*d - 1. Is k a composite number?
False
Let k = -30 + 24. Let w(o) = -3*o**3 + 7*o**2 - 6*o + 1. Is w(k) a prime number?
True
Let o(f) = -f**3 + 10*f**2 + 4*f + 6. Let p(b) = -25*b**3 + 3*b**2 + 8*b + 3*b**2 + 24*b**3 + 3. Let r be p(7). Is o(r) composite?
True
Is 26046/50 - 110/(-1375) prime?
True
Let k = 24 + -24. Suppose 0*x + 2*x - 222 = k. Is x composite?
True
Suppose -4*q + 23090 + 15468 = 2*w, w = -7*q + 19284. Is w a prime number?
False
Let q(u) = 298*u**3 + 1. Let k be (3/(-12))/((-7)/28). Is q(k) prime?
False
Suppose 5*a = a + 25436. Is a a prime number?
True
Is 3/15 - (21632/(-40))/1 a prime number?
True
Let c(f) = -2*f - 8. Let t be c(0). Let j(u) = 12*u**2 + 7*u - 9. Is j(t) a prime number?
False
Let v(w) = -w**2 - 3*w + 1. Let n(t) = t - 4. Let z be n(0). Let s be v(z). Is 0 + (-123)/s + -4 composite?
False
Let t(d) = -3*d**3 - 10*d**2 - 5*d - 9. Let w = 18 - 25. Is t(w) prime?
False
Suppose 2*m = 8*y - 13*y + 92928, m + 5*y - 46469 = 0. Is m a composite number?
True
Let j = -626 - -942. Let d = -182 + j. Is d prime?
False
Let f(n) = -2*n**2 + 7*n - 1. Let s be f(2). Suppose -s*d + 177 = 4*v, 2*v - 5*d - 127 = -2*v. Is v prime?
False
Let s(l) be the second derivative of -5*l + 0 + 3/2*l**3 + 11/2*l**2. Is s(6) a composite number?
True
Suppose 0 = 5*c - 5*b - 203780, c - 20182 = -2*b + 20559. Is c a composite number?
False
Let k(a) = -19*a - 2. Let z(o) = -12 + o - 8 + 0*o + 7. Let t be z(9). Is k(t) a prime number?
False
Suppose -4*s - r + 4 = 0, 0 = 2*s + 2*s - 2*r - 16. Suppose -4*a = -4*q + 28, s*a + 2*a - 8 = -5*q. Let i = 10 - a. Is i a composite number?
False
Let x(g) = 116*g - 14. Let p be x(13). Suppose -4*f + n - 2*n + p = 0, 375 = f + n. Is f a prime number?
True
Let s(o) be the first derivative of 12*o**2 + 15*o - 10. Let j be s(5). Suppose 392 = 2*u + 3*p - j, u + 3*p = 268. Is u composite?
True
Let j = -16331 - -23830. Is j a prime number?
True
Suppose 379611 = 3*n + 4*m, -2*m - 506148 = -117*n + 113*n. Is n a prime number?
False
Suppose -2*k = 4*d - 262, -2*k + 7*d + 254 = 3*d. Is k a composite number?
True
Suppose -3*b + 10 = 4. Suppose -4*u = 3*s + 154 - 1159, 2*u + 656 = b*s. Is s a composite number?
False
Suppose 15*c + 5772 = 17*c. Suppose 6*h = 4*h + c. Suppose -h + 488 = -5*t. Is t a prime number?
True
Let r be 2112/((-60)/(-16) - 3) - 1. Suppose 4*o - s - 3129 = 0, -319 - r = -4*o + 2*s. Is o a prime number?
False
Let f(x) = x**3 + 12*x**2 - 20*x + 35. Is f(16) prime?
True
Let l = 758 - -719. Is l a prime number?
False
Suppose 6 = 3*h + 2*s, -4*s = -3*h + 2*h + 16. Let d be (0 - (-123)/12)*h. Let r = d - 27. Is r composite?
True
Suppose 4*p - 3*q = 1164, p - q + 2*q = 291. Is p prime?
False
Suppose -2 = -m + 31. Let l = 47 - m. Is l/7 + (48 - -1) prime?
False
Suppose 0*i + 4*i = 28. Suppose -5*t = -3 - i. Suppose 0 = 3*k + 4*r - 62, t = -3*r + r. Is k a composite number?
True
Let w(z) = 4904*z + 101. Is w(4) prime?
True
Suppose 6*l + 62 = 3380. Is l prime?
False
Let u be (-3)/(-5) + (-7464)/15. Let o = -937 + u. Let m = o - -2477. Is m composite?
True
Let t be -2 + -1 - 20/(-20). Suppose o = -0*o. Is (o + -1)*326/t composite?
False
Suppose 0 = 5*k + 12 + 3. Let o be (-9)/k*1 - -175. Suppose -g = -3*g + o. Is g a composite number?
False
Let h(d) = 19*d**2 - 2*d - 15. Is h(-8) prime?
True
Suppose -3*t + 1414 = 2*v - t, -10 = 5*t. Is v prime?
True
Let n(s) = -9*s**2 + s. Let r be n(-2). Let b be (-40)/(-4)*1/(-2). Is (b/5)/(2/r) a composite number?
False
Let y(n) = n**2 - 5*n + 6. Let h be y(4). Let o be 18297/(-27) - h/6. Let a = 1313 + o. Is a a composite number?
True
Is (-1 - -2) + (11 - (-14541)/3) composite?
True
Suppose -3*z + a + 0*a = -57, z + 2*a - 19 = 0. Suppose -6 = -b + z. Is b prime?
False
Is 1 + 1211 + 7 + -5 prime?
False
Suppose 174 = -25*a + 27*a. Is a a composite number?
True
Is (0 + -2)*(-6999)/6 prime?
True
Suppose v - 461 = -5*b + 1442, 0 = -4*v + b + 7612. Suppose 0 = 5*j - 2*t - v, -543 = -j + 4*t - 148. Is j a prime number?
True
Let g(j) = 10*j - 5. Suppose -5*v + 24 = 2*t - 4*t, 5*t + 14 = v. Let p(s) = 1. Let z(x) = t*p(x) - g(x). Is z(-4) a composite number?
False
Suppose -17 - 7 = -4*n. Suppose -4*y = 0, -4*y = 2*q - n*q + 80. Suppose -5*z + z = q, 4*z + 131 = 3*a. Is a a prime number?
True
Is ((-133384)/6)/(-4)*(-9)/(-3) a composite number?
False
Let h be 199 + 1/((-4)/12). Let z = h + -69. Is z prime?
True
Let r be (-3)/12 - 81/(-4). Is ((-1557)/(-15))/(4/r) a prime number?
False
Suppose -2*j - j + 3 = 0. Let g be 1/(2/50) - j. Let n = g + 211. Is n composite?
True
Let x(v) = v**3 + 6*v**2 + 4*v - 3. Let t be x(-5). Suppose 0 = 3*u + t*n - 7*n + 10, 5*u = 5*n. Suppose u*b = 34 + 1161. Is b prime?
True
Suppose 2*i + 202 + 114 = 0. Is (i/(-6))/((-6)/(-18)) prime?
True
Let w be (-5)/(-10)*10 + -3. Suppose 3*v - 4*v + 2*o = -2483, -5*v + w*o = -12439. Is v a prime number?
False
Let c(s) = 6*s + 1 - 13*s - 55*s. Is c(-16) a composite number?
True
Let p(a) = 7 + 59 + 12 + 22*a. Let y(s) = 15*s + 52. Let v(z) = 5*p(z) - 7*y(z). Is v(19) prime?
False
Suppose 12*z = 6*z + 22428. Let q = z + -2402. Let w = q - 17. Is w a prime number?
True
Let l = 69 - 65. Suppose 4*f - 855 = -t, -3*f - t = l*t - 637. Is f composite?
True
Let j = 25079 + -8532. Is j prime?
True
Suppose 0 = -6*x - i + 526 + 86986, x - 14579 = 3*i. Is x a prime number?
False
Let u(s) be the third derivative of s**5/60 - 7*s**4/24 + s**3/6 + 7*s**2. Let t be u(6). Is 116 + 5/(t/3) a composite number?
False
Suppose 32428 = -0*w + 11*w. Suppose 0*h - w = -4*h. Is h a prime number?
False
Is 0 + 0 + 16431 - (-39 + 41) a composite number?
True
Let m(z) = 13*z - 10. Let w(b) = 3*b - 2. Let k(n) = -2*m(n) + 11*w(n). Is k(5) a composite number?
True
Let h = 21 + -18. Suppose 7 + 11 = h*d. Suppose 0 = -g + d + 13. Is g a composite number?
False
Let q(p) = -85*p + 1. Let s be q(-1). Let t = s - 21. Is (67/5)/(13/t) a composite number?
False
Let q(r) = -r**3 - 7*r**2 + 5*r + 15. Let u be 3/2 + (-5)/(-10) + -12. Is q(u) a composite number?
True
Let u = 8 - 4. Suppose -u*g - g = -2*o + 2020, 1223 = -3*g - o. Let p = g - -617. Is p a prime number?
True
Suppose -3*o + 8*o + 22 = -3*g, 50 = -5*g - 5*o. Let x(v) = v**3 + 13*v**2 - 14*v - 2. Let w be x(g). Is 3*113/(-6)*w composite?
False
Let j(b) = 77*b**3 - 4*b**2 + 2*b + 2. Let o be (3/(-6) + -1)/(1/(-2)). Is j(o) composite?
True
Suppose -42*i + 54*i - 948 = 0. Is i a prime number?
True
Let a be ((-105)/(-12))/(4/(-16)). Let b be (-13850)/a + (-2)/(-7). Suppose 0*x - 4*x - 4*v = -b, 188 = 2*x - 3*v. Is x composite?
False
Let g = 65 - -9. Let o = -43 + g. Is o prime?
True
Suppose 3*h = -4*y + 52, -4*h = 2*y + 3*y - 69. Is (-2 - -109) + (h - 12) a prime number?
False
Let w = -66186 + 132883. Is w a composite number?
False
Supp